 488 and f?
8
Suppose 5*o - 118 = 107. Let j be 36/((-45)/(-5)) - (-1 - 0). Calculate the highest common divisor of o and j.
5
Let h be ((-1)/2)/((-2)/24). Let v(o) = 10 - 15 + 10*o - 10. Let x be v(h). What is the greatest common divisor of 18 and x?
9
Let l = -19 + 24. Suppose -3*q + l*w = -0*q - 38, -2*w = -5*q + 95. What is the greatest common divisor of 14 and q?
7
Suppose 0 = -36*c - 15*c + 1428. Calculate the highest common factor of 12 and c.
4
Let p = -310 - -350. What is the highest common divisor of 8 and p?
8
Suppose u - 522 = -u. Suppose 0 = -2*b + y + 53, 2*b = -y - 0*y + 63. What is the highest common factor of u and b?
29
Suppose -278 = -3*m - 2*b - 90, -5*b = 25. Calculate the highest common divisor of 88 and m.
22
Suppose -28*t + 96 = -25*t. What is the highest common factor of t and 80?
16
Let t = 35 + 5. Suppose 2*i - i - 15 = -2*o, -3*o + 2*i = -26. Calculate the highest common factor of o and t.
8
Let r(i) = i**3 - i**2 - i - 28. Let o be r(0). Let p = o + -26. Let s = -18 - p. What is the highest common factor of s and 90?
18
Let x = -342 + 1123. What is the greatest common divisor of 142 and x?
71
Let u(c) = -185*c**3 - 2*c**2 + 6*c + 7. Let l be u(-3). Let z be -4*(-2)/12 - l/(-39). What is the highest common factor of 16 and z?
16
Let m(b) = -b**2 + 9*b + 14. Let y be m(10). Suppose 6 = -y*c - 10, -3*c + 36 = 3*g. What is the highest common factor of 12 and g?
4
Let n(l) = l**3 + l**2 - l + 1. Let v be n(0). Let f be (-60)/(-5) + 0 + v. Suppose -t = -f + 5. Calculate the greatest common divisor of t and 8.
8
Let v be ((-516)/(-10))/(9/30). Suppose 5*t - 196 = 2*q + v, -284 = -4*t - q. Let c be 3*3 + 6 + -7. What is the highest common factor of c and t?
8
Let y be -2*(-1 - 219/6). Suppose 40 + 210 = 5*i. Calculate the greatest common factor of i and y.
25
Let y be 49/14 + 1/2. Let w be y + (1 - -123) + 4. What is the highest common factor of 12 and w?
12
Suppose 3*h - 5*k - 343 = 0, -2*k + 117 = h - k. Calculate the highest common factor of h and 203.
29
Suppose 0 = -4*d + 3*q + 1462, d - 384 = 5*q - 10. Calculate the greatest common divisor of d and 126.
14
Suppose 0 = 2*i + 35 + 25. Let s = i - -43. What is the highest common divisor of s and 26?
13
Let i(d) = d**3 - 53*d**2 - 161*d - 350. Let z be i(56). Let r be 49/(2/(-12)*-2). What is the highest common factor of r and z?
21
Suppose 0*q = 2*g - 3*q - 69, -g = -5*q - 45. Suppose -g*t = -33*t + 30. What is the highest common factor of t and 15?
5
Let y = -37 - -25. Let m be 136/14 - (-2 + y/(-7)). Calculate the greatest common factor of m and 10.
10
Suppose -3*f - 183 - 128 = -4*o, 0 = -o - 3*f + 59. What is the greatest common divisor of 407 and o?
37
Let a = 13 + -8. Let y be (-15)/a - -1*7. Let f be (-2 - (1 + -2))*-10. What is the highest common factor of f and y?
2
Let j be (-146)/(-3) + 2*1/(-3). Calculate the greatest common factor of j and 16.
16
Let i be (-9)/(-1) + -2 - -54. What is the highest common factor of i and 2?
1
Suppose 15*v + 23*v = 2470. Let g(i) = -3*i - 5. Let f be g(-6). What is the greatest common factor of f and v?
13
Let g be (-21 - -19)*10/(-4). Suppose 0 = -g*r - 225 + 705. What is the highest common divisor of 24 and r?
24
Suppose 0 = -9*s + 4*s + 25, 4*i - s - 4975 = 0. Calculate the highest common divisor of 166 and i.
83
Suppose 2*p - 4*m = 20, 0*m = -2*p - 3*m + 6. Suppose 7*h - 8*h + 81 = 3*j, -2*h - j = -137. Calculate the greatest common divisor of h and p.
6
Let q be (-6)/(-2) - 318465/(-105). Calculate the greatest common factor of 132 and q.
132
Let n(v) = -33*v - 11. Let x be n(-5). Suppose 2*q + 2*d = 5*d + 25, -5*d - 9 = -q. What is the highest common factor of x and q?
14
Suppose -q + 32 = 3*m, 0*m - m = 2*q - 49. Suppose -n + 80 = 3*g, -n - 2*g + 48 = -36. What is the greatest common factor of n and q?
23
Suppose 78*r - 8576 + 2492 = 0. Let u = 62 - 36. What is the greatest common divisor of r and u?
26
Let p(s) = -53*s + 1. Let i be p(-1). Suppose -4617 = -13*t - 44*t. Calculate the greatest common factor of i and t.
27
Suppose 4*t + 3*v - 3 - 39 = 0, 4*t - 46 = -v. Suppose -17*r + 65 = -t*r. What is the highest common factor of r and 13?
13
Suppose -36 = -z - 2*z. Suppose 7*a = 608 + 155. Suppose 0 = -4*j + a - 13. Calculate the greatest common factor of z and j.
12
Suppose -8*f + 51 + 13 = 0. Let j = 62 + f. Let m = 50 - 22. Calculate the highest common factor of m and j.
14
Let t(j) = -j + 9. Let v be t(5). Let k be v*(-2)/8*-81. Calculate the greatest common factor of k and 9.
9
Suppose 4*d = 5*p - 82, -4*d = 3*p - 4*p + 26. Calculate the greatest common divisor of 154 and p.
14
Let q = 2905 - 2890. Let t(d) = -d - 1. Let x be t(-6). What is the highest common divisor of q and x?
5
Let n = 178 + -158. Calculate the greatest common divisor of 160 and n.
20
Let c(l) = l**3 - 3*l**2 - l. Let p be c(2). Let b be (-152)/p + 4/6. Let f = 121 + -82. Calculate the greatest common factor of b and f.
13
Let s = 372 - 170. Let f = s + -95. Suppose 2*n - 217 = f. Calculate the highest common divisor of n and 27.
27
Let m be ((-11)/((-44)/(-272)))/(-2). Let f be 176 - (1 + 0) - 1. Let g be 4/(-10) + f/10. Calculate the highest common factor of m and g.
17
Let v be (-33 + -2)*(2 - 3). Suppose 5 = 4*y + 1, f = -2*y + 7. Suppose v = f*h - 5*m, 5*h - 4 - 4 = -4*m. Calculate the highest common factor of 10 and h.
2
Let i be (-36)/63 + 340/7. Let n(u) = -u**3 - 10*u**2 - u + 14. Let d be n(-10). What is the greatest common divisor of d and i?
24
Let q = -6 + -14. Let r be (-4)/q + 58/10. Let i be ((-48)/28)/(2/(-21)). Calculate the highest common divisor of r and i.
6
Suppose -p = -w - 2*p + 1, -5*w + p = 7. Let i be 0 + (w - 5)/3. Let o be (3/i)/(27/(-72)). What is the greatest common divisor of 4 and o?
4
Let h = 200 - 68. Calculate the highest common divisor of 198 and h.
66
Suppose -535 + 2938 = -9*r. Let j = r - -379. What is the highest common divisor of j and 16?
16
Suppose 0*r + 2*r + 1338 = 3*n, -4*r + 432 = n. Suppose -4*g + 8*b - 3*b = -844, -n = -2*g - 3*b. Calculate the highest common factor of 24 and g.
24
Let f(j) = -j**2 - 16*j - 5 + 5 + 24. Let k be f(-17). Let l be (1/(-1))/(7/(-49)). What is the highest common factor of l and k?
7
Let v(t) = 18*t - 3. Let r be v(2). Let p(i) = -i**2 - 14*i + 7. Let h be p(-13). Let f = r - h. Calculate the highest common factor of 13 and f.
13
Suppose 5*w = -138 + 48. Let d = w - -31. What is the highest common factor of d and 65?
13
Let u = 8 - 1. Let n(i) = -i + 19. Let d be n(u). Calculate the greatest common divisor of d and 18.
6
Suppose 3*p + 5*r - 8*r - 60 = 0, -4*r = 4*p - 112. What is the highest common divisor of p and 168?
24
Suppose 5*y + 97 = 4*f, 0*f - 3*f + 3*y + 75 = 0. What is the greatest common divisor of f and 154?
14
Suppose -3*o + s = 5, 3*o + 2*s - 9 = 1. Suppose -2*m + 5*m - 231 = o. Suppose 8*a + 80 = 136. Calculate the highest common factor of a and m.
7
Let c = 45 - 25. Suppose 0 = -2*b - 2*b - c. Let z(j) = 2*j**2 + 6*j + 3. Let y be z(b). What is the greatest common divisor of 69 and y?
23
Let z be (-10 + 4)*9/(-6). Suppose -2*w = -5*o - 0 - 9, z = -3*w. Let h be 4 - (o + -1 + -7). What is the greatest common divisor of h and 5?
5
Suppose 0 = 15*h - 1756 - 614. Calculate the highest common divisor of h and 2.
2
Let m(g) = 31*g**2 + 4*g + 1. Let s be m(3). Let z = -181 + s. What is the greatest common factor of 74 and z?
37
Suppose 8*u = 3*u + 250. Suppose 10*y - 2*z = 5*y + 352, -214 = -3*y + 4*z. Let k = y - 50. What is the highest common factor of u and k?
10
Suppose -598 + 94 = -4*q. Suppose -5*x + 5*p = -x - 150, -3*p = 3*x - q. What is the greatest common factor of x and 10?
10
Suppose 2*i - 2*w = 10, 0*w = 2*w + 8. Calculate the highest common factor of 7 and i.
1
Suppose -12*n + 6525 = -7*n. Suppose 22*p - 13*p - n = 0. Let d be (-1 + -28)/((-1)/2). Calculate the highest common divisor of d and p.
29
Suppose 246 = 4*z - 5*v + 31, -2*z = -2*v - 108. What is the greatest common divisor of z and 220?
55
Let k = -36 + 36. Suppose -155 = -5*p - 5*h, 4*p + 0*p - 5*h - 142 = k. What is the greatest common divisor of p and 55?
11
Let g be (-18)/(-4) - (-5)/10. Let u be g/(-15)*9/(-6)*10. Calculate the highest common divisor of u and 2.
1
Suppose 2*o